4*h(t) - 5*q(t). Give j(-3).
-3
Let q(k) be the second derivative of 41*k + 5/6*k**3 + k**2 + 0. Let h(g) = 4*g**2. Let d be h(1). Determine q(d).
22
Let p = -324 + 329. Let w(n) be the first derivative of n**3/3 - 3*n**2 - 2*n + 2. What is w(p)?
-7
Suppose -4*c - c = 4*t - 5, -3*c + 3*t = -30. Suppose 0 = 3*n - g + 6*g - 13, -5*n = 3*g + c. Let q(a) = -a**3 - 3*a**2 + 2*a. Determine q(n).
8
Let m(p) = -203*p**3 + 17*p**2 - 6 - 13*p**2 + 202*p**3. What is m(2)?
2
Suppose -8 = -g + 5*g, 14 = -4*p - g. Let o(n) = n**3 + 2*n**2 - 2*n + 8. What is o(p)?
5
Suppose 3*g - 5*q = g + 37, 0 = 5*g - 4*q - 84. Suppose 10*s + 85 = 5*s + 4*y, -2*s = -4*y + 34. Let j = g + s. Let x(c) = -c**2 - 1. Determine x(j).
-2
Let x(r) = -r**2 + 4. Let c(j) = j**2 - 6*j - 3. Let g = -44 + 59. Suppose s = -5*z - 4*s + g, z + 6 = -4*s. Let i be c(z). Determine x(i).
-5
Let p(z) = 25*z - 40. Suppose -i - 7 = j, -6*j - 5*i + 13 = 48. Determine p(j).
-40
Let y(j) = -j + 2. Let x(t) = -t + 16. Let k be x(13). Let d be 40/28*(-7)/(-2). Suppose s = -d, -s - 37 = k*p + 4*s. Determine y(p).
6
Let o(w) = w**3 + 6*w**2 + 7*w - 5. Let x(u) = u**3 + 31*u**2 - 57*u + 291. Let g be x(-33). What is o(g)?
-47
Let r(t) = 5*t**3 - t**2 - t. Suppose -5*d + 3 = 4*s, -2 = -4*d + 2*s - 5*s. Let h be r(d). Let q(n) = -n**3 - 5*n**2 - 2*n - 6. Determine q(h).
4
Let p(d) = -d**3 - 7*d**2 - 7*d + 14. Let c be p(-6). Suppose -q = -23 + c. Let b(w) = -2*w**3 + 0*w + 8*w - w - 10*w - 2 - q*w**2. What is b(-2)?
8
Let j(i) = i**3 + 12*i**2 + 13*i - 3. Let q(z) = z - 1. Suppose 11*m + 12 = 34. Let k(y) = m*q(y) - j(y). Let b = -22 + 11. Calculate k(b).
1
Let l(u) = -5*u + 110. Let q be -1*23/(-13 - -9 - 12/(-4)). What is l(q)?
-5
Let d(v) = 4*v + 6. Let z = -97 + 99. Suppose -5*i + z*i - 12 = n, 4*n = -3*i - 21. Determine d(i).
-6
Let s(a) = -a**2 - 13*a + 51. Let b = -3331 - -3315. Give s(b).
3
Let w(f) = -f**2 - 7*f + 4. Let l(r) = r**3 + 6*r**2 + r + 11. Let u be l(-5). Let y = u - 38. What is w(y)?
4
Suppose 3*h + 3*a = 6, 3*a + 3 = 2*h - 1. Let l(r) = 3*r**2 + 21 - 4*r**h - 11*r + 7*r - 10*r. Calculate l(-16).
-11
Let m(y) = 4*y - 2. Let w be (2 - 1)*-5*(-1876)/(-1340). What is m(w)?
-30
Let w(r) = -5*r**2 - 3*r - 9. Let b(k) = 4*k**2 + 3*k + 8. Let u(l) = -6*b(l) - 5*w(l). Let o = -13667 + 13671. Determine u(o).
1
Suppose l + 2*p - 5 = -4*l, 0 = 4*p - 20. Let z be (-3)/(2 + -4 - l). Suppose -2*r + r = z*r. Let f(b) = b**2 - b + 3. Calculate f(r).
3
Let a(m) = 22*m - 180*m + 153*m + 3*m**2 + 3. Determine a(-4).
71
Suppose -208*p - 6 = -206*p, 0 = -4*k - 5*p - 15. Let d be 3 + (3 - (3 - 1)). Let h(c) = -c**2 - c - d*c + c**3 + 4 + 4*c. Give h(k).
4
Suppose 3*o + 4 = -5*z, -5*o = 4*z - 6*z - 14. Let u(q) = -q + 42*q**2 - 17*q**2 - 24*q**o + 5. Calculate u(0).
5
Let c be 5/((-75)/(-1191)) - 4/10. Let k = 86 - c. Let a(i) = -7*i + 20. Let t(h) = -4*h + 10. Let s(m) = -3*a(m) + 5*t(m). What is s(k)?
-3
Let g(l) be the first derivative of l**3/3 - l**2 - 3*l - 1. Suppose 2*i = -5*r - 69, -176*r + 177*r + 13 = 0. Give g(i).
5
Let i(b) be the third derivative of b**4/12 - 13*b**3/6 - 1126*b**2. What is i(10)?
7
Let q(b) = -5*b + 6. Let n = -4758 + 4761. Give q(n).
-9
Suppose 0*h - 4*h + 249 = -5*b, -2*h + 198 = -4*b. Let o = -22 - b. Let i be 6/(-12) - (o/6)/(-3). Let d(w) = -13*w**2 + w - 1. What is d(i)?
-13
Let k(u) = -3*u - 10. Let t be k(-5). Let o(b) = b + t*b + 3*b - 1 - b. Let r be 0/(-11) + (2 - 3 - -2). Calculate o(r).
7
Let r(l) = -3 - l - 8*l + 3*l + 27. Let c be r(4). Let m(z) = z**2 - z + 15. What is m(c)?
15
Let u(l) = -l**2 - 9*l - 1. Let j be 406/(-63) - (20/(-45) - 0). Give u(j).
17
Let z(r) be the second derivative of -r - 1/6*r**4 + 13 + r**2 + 1/2*r**3. What is z(-1)?
-3
Suppose 0 = -2*l - 2*o + 4*o + 10, l + 25 = -5*o. Let k(q) be the third derivative of q**2 + 5/3*q**3 + l*q + 0 + 1/24*q**4. Calculate k(-5).
5
Let l(h) = h + 2. Suppose 3*a - 4*a = 77. Let n = 135 + a. Let d = n - 67. Give l(d).
-7
Let b(w) = w**3 + 7*w**2 + 3*w - 13. Let g be b(-6). Let j(a) be the second derivative of -4*a + 0 + 5*a**2 - 1/6*a**3. Give j(g).
5
Let x(r) = r**2 - r - 17. Suppose -p + 2*i + 16 = 3*p, -i + 10 = 4*p. Suppose p = -j + y, 2*y = 3*j + 35 - 29. Give x(j).
-17
Let z = -10 + 5. Let b(a) = -2*a**3 - 14*a**2 - 31*a - 8. Let u(k) = -9*k**3 - 64*k**2 - 144*k - 38. Let x(q) = -14*b(q) + 3*u(q). What is x(z)?
-37
Let b(k) be the third derivative of k**5/60 + k**4/24 - k**3/3 - 34*k**2 + 2. Suppose 2 = 2*i - 4*m - 14, -3*i = 3*m + 3. Determine b(i).
4
Suppose 5*v - 240 = -4*m, -2*v - 13*m + 9*m = -96. Suppose -v = -7*h - 13. Let g(f) be the second derivative of -f**5/20 + 5*f**4/12 + f**2/2 - f. What is g(h)?
1
Let n(h) = h**3 + 3*h**2 + h. Let j be n(-2). Let k be (-3 + j + 2)*-6. Let l(a) be the first derivative of a**2/2 + 12. What is l(k)?
-6
Let a(h) = -22*h**2 - 1 + 21*h**2 + 0. Let s(d) = 8*d + 7. Let i(b) = 2*a(b) + s(b). Let n(q) = -5*q**3 - q. Let l be n(-1). What is i(l)?
-19
Let c be (-6)/4 - (-20119)/118. Let s(j) = -92 - 3*j + c - 63. Determine s(5).
-1
Let z(t) = -9*t + 110. Let h(b) = -130*b + 7422. Let p be h(57). What is z(p)?
2
Let k be 294/63*75/2. Suppose o + 4*o - k = 0. Suppose 8*m - 3*m = o. Let x(p) = -p**2 + 9*p - 5. Give x(m).
9
Let q(c) = c + 31. Suppose -74*z - 174 = -840. Determine q(z).
40
Suppose 2*x = -2 - 2. Let l(y) = -110939*y**3 + 1 - 2 - y + 0 - 110938*y**3 - 110934*y**3 + 332810*y**3. Give l(x).
9
Let k be (-2)/(-9) + 7/9. Let c(b) = -8*b**3 + 2*b**2 - b. Let x be c(k). Let s(h) = 37 - 43 - 8*h + 4 - h**2 + h. Determine s(x).
-2
Let z(s) = s**3 + 5*s**2 + 3*s + 6. Let f = 455 - 456. Let o be 2*f/8 - (-165)/(-44). Calculate z(o).
10
Let b(w) = -2*w**3 - 79*w**2 + 42*w. Let n(m) = -m**3 - 36*m**2 + 21*m. Let r(l) = -2*b(l) + 5*n(l). What is r(-23)?
46
Let p(q) = -4*q**2 - 311*q - 5. Let k be p(0). Let f(u) = u**2 + 1. Let j(o) = 2*o**2 + 9*o + 15. Let c(s) = f(s) - j(s). What is c(k)?
6
Suppose -12 = d + 2. Let s = -10 - d. Let m(o) = s*o**2 - 7*o + 2*o + 2*o + 2 - 5*o**2. Determine m(-2).
4
Let f(s) be the second derivative of 0 + 1/6*s**3 + 6*s + s**2. Suppose 36*h + 9*h = -180. Give f(h).
-2
Let f(b) = 96*b - b**3 - 96*b - 6 + 5*b**2. Suppose -20 = 37*v - 39*v - 2*c, c + 20 = 5*v. What is f(v)?
-6
Let w(k) = 62*k**2 + 23*k - 32. Let l be w(3). Let g(u) = l - u - 1187 + 609. Determine g(11).
6
Let z(v) be the third derivative of v**5/15 + v**4/24 + 47*v**2. Suppose -3*n + 20 = 2*n. Suppose 5*y = n*b + 19, -8 = -5*y + 7. Determine z(b).
3
Let x(d) = 16*d. Suppose 3 = m + 4*t, 3 = 2*m - 4*t - 3. Suppose m*i + 280 = -0*p + 2*p, -85 = i + p. Let n = i - -91. Give x(n).
16
Let j = 10 - 7. Suppose 6 = 2*x + 4*k, 0 = 3*k - 0*k - j. Let f(a) be the second derivative of a**5/4 + a**2/2 - a. Give f(x).
6
Let z = -8 + 11. Let r(t) = -3*t + 1 - 2 + t + z. Let w(h) = 2*h**2 + 39*h + 190. Let u be w(-11). Determine r(u).
-4
Suppose -11*g + 9626 = 9637. Let j(u) = -2*u + 3. Let q(y) = 1. Let s(h) = -j(h) + 3*q(h). Calculate s(g).
-2
Let o(h) be the third derivative of 5*h**4/24 - 197*h**3/6 + 6*h**2 - 966. Determine o(42).
13
Suppose -4*r + 45 = -5*x, -2*r + 5 = 4*x - 11. Suppose -2*f = 3*f - r. Suppose 0 = v + 3 - f. Let i(n) = 10*n - 1. Determine i(v).
-11
Let j(g) be the second derivative of -g**5/20 + 11*g**4/12 - g**3/3 + 7*g**2 + 57*g. Suppose -w + 63 = 52. Give j(w).
-8
Suppose -36*p + 100 = -16*p. Let n(h) = -3*h + 29 + 32 - 96 + p*h + 33. Give n(2).
2
Suppose -88*p + 9*p - 413 + 97 = 0. Let r(j) = -j**3 - 6*j**2 + 2*j - 2. Give r(p).
-42
Let r(g) = 8*g + 66. Let f be r(-8). Let q(m) = -2 - 4*m**f + 0*m**3 + m**3 - 18*m + 15*m. Determine q(5).
8
Let l(r) be the third derivative of 1/3*r**4 + 0 + 0*r - 1/30*r**5 - 1/2*r**3 - 48*r**2. Suppose 6*t = 25 + 11. Give l(t).
-27
Let q(m) = -m**3 - m**2 + 1. Let t(s) = -s**3 + s**2 - s - 1. Let h(b) = -b**3 - 42*b**2 - 11*b + 3. Let x(n) = -h(n) - 2*t(n). Let j be x(-13). Calculate q(j).
1
Suppose -602 = 2*j - 594. Let y(i) = -5*i - 3. Calculate y(j).
17
Suppose 7*m + 3*m = -90. Let i = -11 - m. Let v(q) = -2*q**2 + 3. Let o(l) = -3*l**2 + 4. Let x(k) = 4*o(k) - 5*v(k). Determine x(i).
-7
Let f(b) = -b**2 - 4*b - 6. Let q = -301 - -164. Let i = q - -133. Give f(i).
-6
Let i = -618 + 620. Let o(s) = 14*s**i + 26*s + 26*s - 